rue
Is 744607 a composite number?
False
Is 121354421 a composite number?
False
Is 7562987 a composite number?
False
Is 36248653 prime?
False
Is 6611699 prime?
True
Is 13183087 a composite number?
False
Is 15843197 a composite number?
False
Is 157488689 a composite number?
False
Is 703604263 prime?
False
Is 3317599 prime?
True
Is 4446787 prime?
True
Is 2541103 a composite number?
True
Is 3707243 prime?
False
Is 10194169 prime?
False
Is 31158121 a composite number?
False
Is 174100301 a composite number?
False
Is 15137831 prime?
True
Is 1193081 composite?
False
Is 2017069 a composite number?
True
Is 2027413 composite?
True
Is 1977917 a composite number?
False
Is 14436497 a prime number?
False
Is 243857177 a prime number?
True
Is 209024047 composite?
True
Is 5003839 a composite number?
False
Is 28544559 composite?
True
Is 11472613 composite?
False
Is 1311853 composite?
False
Is 92118865 a composite number?
True
Is 6646043 composite?
True
Is 43565 a composite number?
True
Is 401377 composite?
True
Is 1562717 prime?
False
Is 345608551 a composite number?
False
Is 96837187 a prime number?
True
Is 174147907 a prime number?
False
Is 9738007 prime?
False
Is 26107073 a composite number?
False
Is 10006481 a prime number?
True
Is 24613883 a composite number?
True
Is 26157133 prime?
True
Is 106361023 prime?
False
Is 47589917 composite?
True
Is 4128851 a composite number?
True
Is 6083281 a composite number?
True
Is 2383739 a prime number?
True
Is 625659 a composite number?
True
Is 2821679 a composite number?
True
Is 1236701 composite?
False
Is 23311543 a composite number?
False
Is 463003 a composite number?
False
Is 6069163 a prime number?
True
Is 11442686 a composite number?
True
Is 2548199 prime?
False
Is 44098919 prime?
False
Is 9147543 prime?
False
Is 214382479 prime?
True
Is 44138287 a prime number?
True
Is 242794181 prime?
False
Is 125961683 composite?
False
Is 254623 prime?
True
Is 7803298 prime?
False
Is 18972151 a composite number?
True
Is 37447187 prime?
True
Is 554148811 a composite number?
False
Is 3380101 prime?
False
Is 5344421 composite?
False
Is 33778753 prime?
True
Is 3930099 a composite number?
True
Is 3337879 a prime number?
True
Is 13253299 a prime number?
False
Is 6487997 prime?
False
Is 1059557 composite?
False
Is 69538774 a prime number?
False
Is 47397263 a prime number?
True
Is 32325493 composite?
False
Is 2061127 composite?
False
Is 259667297 a prime number?
True
Is 107399 prime?
False
Is 62336039 a prime number?
True
Is 15263553 a prime number?
False
Is 1257101 composite?
True
Is 45412306 composite?
True
Is 143471801 a prime number?
False
Is 250920379 a composite number?
False
Is 46451699 a prime number?
False
Is 32904901 composite?
True
Is 90852581 a composite number?
True
Is 193135343 composite?
True
Is 4829911 composite?
False
Is 25764177 a prime number?
False
Is 1021541 composite?
False
Is 732557 composite?
True
Is 2841589 a prime number?
True
Is 45982399 prime?
False
Is 2203678 a prime number?
False
Is 89830553 composite?
False
Is 10836835 a prime number?
False
Is 306487 a composite number?
True
Is 83019247 a prime number?
False
Is 278226859 a prime number?
True
Is 144289 a composite number?
False
Is 561919 composite?
True
Is 84863045 a prime number?
False
Is 175592969 prime?
True
Is 200371361 a composite number?
False
Is 138213937 prime?
True
Is 5068153 a composite number?
True
Is 6303733 a prime number?
True
Is 14423573 a prime number?
True
Is 696909 a composite number?
True
Is 18578341 composite?
False
Is 30666473 prime?
True
Is 47347541 prime?
True
Is 951079 composite?
False
Is 31544762 a composite number?
True
Is 181283918 a prime number?
False
Is 4503833 a composite number?
False
Is 104014051 prime?
True
Is 1184837 composite?
False
Is 271760354 prime?
False
Is 2606839 composite?
True
Is 904235 prime?
False
Is 1255237 composite?
False
Is 8461877 composite?
False
Is 52694737 a prime number?
False
Is 1799807 composite?
True
Is 12032779 composite?
True
Is 67411759 a prime number?
False
Is 22997153 prime?
True
Is 152267 composite?
False
Is 2735841 a composite number?
True
Is 8451929 composite?
False
Is 24861209 prime?
True
Is 1870007 prime?
False
Is 23402039 prime?
True
Is 263009 a composite number?
False
Is 2873701 composite?
False
Is 63189389 a prime number?
False
Is 41681261 a composite number?
False
Is 25084909 a composite number?
False
Is 15092971 a prime number?
True
Is 60865109 a composite number?
False
Is 100813589 a prime number?
True
Is 121415051 a prime number?
True
Is 2135963 prime?
False
Is 3763394 a prime number?
False
Is 44754562 a prime number?
False
Is 166719263 a composite number?
False
Is 934033 a prime number?
True
Is 33512339 a prime number?
False
Is 37583141 a prime number?
False
Is 29096981 composite?
False
Is 42555503 composite?
True
Is 144953537 composite?
False
Is 22765633 composite?
True
Is 200677255 composite?
True
Is 6602291 composite?
True
Is 64887023 a prime number?
True
Is 4097893 a prime number?
False
Is 20807243 prime?
True
Is 290282959 a composite number?
False
Is 228195353 a composite number?
False
Is 1650199 prime?
True
Is 133875869 composite?
False
Is 466793 composite?
True
Is 28268781 a composite number?
True
Is 46656661 a composite number?
False
Is 100618277 composite?
True
Is 4968181 composite?
True
Is 6196627 composite?
True
Is 11914169 a prime number?
True
Is 2108453 prime?
True
Is 63681931 a composite number?
True
Is 66588461 a prime number?
True
Is 267181853 composite?
False
Is 2924293 composite?
True
Is 29590241 a composite number?
False
Is 1178113 prime?
True
Is 5615777 composite?
False
Is 742439 a composite number?
False
Is 16756561 prime?
False
Is 31712731 composite?
False
Is 5068423 a prime number?
True
Is 322965931 a composite number?
True
Is 9923417 a composite number?
True
Is 193603843 prime?
True
Is 95778073 a composite number?
False
Is 140785003 prime?
False
Is 2984057 prime?
True
Is 596177 a composite number?
True
Is 78234586 prime?
False
Is 327059 prime?
True
Is 130202509 a composite number?
False
Is 42741701 composite?
False
Is 1687489 composite?
False
Is 2346397 a composite number?
False
Is 1379753 a prime number?
True
Is 9181961 composite?
False
Is 2471363 prime?
False
Is 1941977 prime?
False
Is 13173 composite?
True
Is 36019229 a composite number?
True
Is 3152843 composite?
True
Is 1751411 a prime number?
True
Is 18792143 prime?
True
Is 43207771 a composite number?
True
Is 32951447 prime?
True
Is 1115171 a prime number?
False
Is 3415723 prime?
False
Is 129555133 prime?
True
Is 10170183 prime?
False
Is 100015271 composite?
True
Is 26371 prime?
True
Is 3530123 prime?
False
Is 6649481 a prime number?
True
Is 86841569 prime?
False
Is 23038721 composite?
True
Is 361843 a composite number?
False
Is 696817 a prime number?
False
Is 3377681 a prime number?
False
Is 56996161 a prime number?
False
Is 22883669 a composite number?
False
Is 89912279 prime?
True
Is 2269229 composite?
True
Is 59194229 prime?
True
Is 95439997 prime?
False
Is 48549823 prime?
False
Is 2731073 a prime number?
False
Is 2306459 prime?
False
Is 777227 a prime number?
False
Is 22213259 prime?
True
Is 20160983 composite?
True
Is 7914347 prime?
False
Is 112787 prime?
True
Is 6109781 a prime number?
False
Is 256531321 a composite number?
True
Is 9344089 prime?
False
Is 770530991 composite?
False
Is 114533609 a prime number?
False
Is 75859 prime?
False
Is 4921339 composite?
False
Is 1275269 prime?
True
Is 50632067 prime?
True
Is 6732443 a prime number?
False
Is 152462 composite?
True
Is 63666671 composite?
True
Is 5993101 a composite number?
False
Is 63316723 a composite number?
True
Is 5560409 composite?
False
Is 77069 prime?
True
Is 5257771 prime?
True
Is 11132735 a composite number?
True
Is 22094047 a composite number?
True
Is 1053953 composite?
False
Is 231577 composite?
True
Is 108030171 composite?
True
Is 912047 a prime number?
True
Is 144343283 a prime number?
False
Is 101344573 prime?
False
Is 9272531 composite?
True
Is 606299 composite?
False
Is 136325569 prime?
False
Is 499041683 composite?
True
Is 4951391 prime?
False
Is 5825773 prime?
True
Is 47289617 a prime number?
True
Is 2269229 prime?
False
Is 579543589 composite?
False
Is 1588141 a prime number?
True
Is 20120549 a composite number?
True
I